ts digit of u?
0
Let t(c) = 2491*c**2 - 115*c - 473. What is the ten thousands digit of t(-4)?
3
Let o = -247 - -238. What is the units digit of ((-75)/100)/(o/8)*18?
2
Suppose 93484 - 28549 = 37*j. What is the tens digit of j?
5
Let w(q) = 14*q**3 + 8*q**2 + 3*q - 4. Let z be w(5). Let c = z + -1077. What is the tens digit of c?
8
Suppose -5*s = 4*l - 15, 4*l + 18*s - 17 = 15*s. Suppose -l*m = -b - m + 579, 3*b - 5*m = 1758. What is the hundreds digit of b?
5
Suppose -83*o - 2868 = -79*o. Let d = -472 - o. What is the hundreds digit of d?
2
What is the ten thousands digit of -2*(-5 + 119913/(-6))/3?
1
Let k = -29703 + 49677. What is the units digit of k?
4
Let j(c) = c**3 - 59. Let n be j(0). Let f = n - -56. What is the tens digit of (f + 6)/((-3)/(-2)) - -56?
5
Let o(d) = 3786*d - 26. What is the tens digit of o(2)?
4
What is the ten thousands digit of -8 + (1 - 10/11) + (-85704024)/(-1342)?
6
Suppose 64565 = 12*c - 86503. What is the thousands digit of c?
2
Let k = 148 + -139. Suppose k*a + 21 = -6. What is the tens digit of 196 + (4 - 5) + a?
9
Suppose 49*h - 16 = 41*h. Suppose 8*o - 3*o - 7513 = -h*f, 4*f - 15011 = 5*o. Suppose 544 = -15*t + f. What is the units digit of t?
4
Suppose -60 = 5*n - 3*i, 6*n - 2*n + 26 = -2*i. Let z(o) = 8*o**2 + 11*o - 9. What is the hundreds digit of z(n)?
5
Suppose 0 = 237*l - 692*l + 9868231 + 5886599. What is the ten thousands digit of l?
3
Let z = -75 - -80. Let m(l) = l**2 - 8*l + 17. Let w be m(z). Suppose w*t - 2*g - 3*g = 246, -462 = -4*t - 5*g. What is the units digit of t?
8
Let g(b) = 26*b - 1 + 75*b - 8*b. Let a be g(-1). What is the units digit of 1/((-2 + 0)/a)?
7
Let m(j) = 2*j - 1. Let y(g) = 10*g**3 + 9*g**2 - 18*g. Let t(v) = m(v) + y(v). What is the tens digit of t(3)?
0
Suppose 0*a + 2*a = -5*v + 18, 2*a - 12 = -2*v. What is the tens digit of a/1 + -19 + 13 + 551?
4
What is the thousands digit of 10/8 - ((-4182040)/160 + -1)?
6
Let d(u) = -u**2 + 44*u - 254. Let j be d(37). Suppose -3*t + 1938 = 4*f, -2*t + 1474 - 175 = j*f. What is the tens digit of t?
4
Let y(o) = -2*o**2 + 33*o + 20. Suppose 40 = f + 23. Let v be y(f). Suppose 49 = v*n - 140. What is the tens digit of n?
6
Suppose 57*a + 72072 = 85*a. What is the thousands digit of a?
2
Let i = 34259 - 22817. What is the ten thousands digit of i?
1
Let t be (4 + -3)*3/(-3)*-501. Let d = 1036 - t. What is the tens digit of d?
3
Let w(h) = -860*h - 127. Let d be w(-4). Suppose 0 = -11*p + d - 574. What is the units digit of p?
9
Suppose -2*j = -14*j + 252. Let m(y) = 70*y + 167*y + 14 - 29 + j. What is the tens digit of m(1)?
4
Let s = -217 + 236. Let d(r) = r**3 - 17*r**2 - 14*r - 4. What is the units digit of d(s)?
2
Let z(q) = 20*q**3 + 58*q**2 + 76*q + 150. Let m(b) = 7*b**3 + 19*b**2 + 25*b + 50. Let r(t) = -17*m(t) + 6*z(t). What is the tens digit of r(-23)?
9
Suppose -712456 = -122*k + 1812312 - 175536. What is the ten thousands digit of k?
1
Suppose 5*z - 3*b - 7338 = 0, -z - 5*b + 252 = -1210. What is the units digit of z?
7
Suppose 168*v - 858015 - 756633 = 0. What is the tens digit of v?
1
Suppose -21*l = 4*s - 16*l - 109709, s - 5*l = 27446. What is the tens digit of s?
3
Suppose -3*f = -u - 35347, -3*f + 31*u - 28*u = -35355. What is the ten thousands digit of f?
1
Let c = -7046 + 23112. What is the units digit of c?
6
Suppose -5*z - 5*a + 40 = 0, 0*z + 5*z - 5*a = -10. Suppose 6*m = z*m + 108. Suppose m + 0 = y. What is the units digit of y?
6
Suppose 0 = -3*r + 4 + 8, 2*r = y - 4703. What is the units digit of y?
1
Suppose 0*r - 5*r + 40 = 0. Suppose 0 = k + 4*a - r, -3*a - 10 = -3*k - 8*a. Suppose -324 = -k*x - 4*x. What is the units digit of x?
1
Suppose 6840 = 66*o - 75*o. Let g = -191 - o. What is the tens digit of g?
6
Suppose 5*d + 3*u - 45627 = 0, -27411 = -58*d + 55*d + 4*u. What is the units digit of d?
9
Let b(x) = -x**3 - 5*x**2 - 2*x + 18. Let d be b(-5). Let j(o) = 8*o + 15. What is the tens digit of j(d)?
3
Let f(j) = j**2 - 10. Let b be f(-5). Let v be (-12)/b + (-54)/(-5). What is the tens digit of 525/v + (-3)/(-2)?
5
Let o = -91845 - -131797. What is the tens digit of o?
5
Let t(w) = 13*w**2 - 16*w - 9. Let n be t(8). Let s = n + -386. What is the hundreds digit of s?
3
Let l be (-3 + 2 - -106) + 3. Let q = 22 - 7. Suppose 14*a + l = q*a. What is the hundreds digit of a?
1
Suppose -3*m + 3*y + 176604 = 2337, 2*m = 4*y + 116192. What is the units digit of m?
2
Let x(l) = l**2 - 2*l - 10*l - 5*l + 25 + 6. Let h be x(18). Let t = h - 7. What is the tens digit of t?
4
Suppose 0 = 2*g + 5*g - 21. Let c(x) = -3*x**2 - 5*x**2 - x**g - 8 + 4*x**2. What is the tens digit of c(-6)?
6
Suppose -6*i = -10*i + 32. Suppose 6*r + 2 = i. What is the hundreds digit of -2*r - 3822/(-21)?
1
Let y = 904 + 1133. Suppose -3*z + y = 5*l, 4*z = -5*l + 6*z + 2017. What is the units digit of l?
5
Suppose 0 = -3*w - 4*x + 34395, -2758 = -2*w + 5*x + 20195. What is the units digit of w?
9
Let r be (-9)/(-1*(-9)/(-552)). Let c(o) = 16 + 13 + r*o - 544*o. What is the tens digit of c(0)?
2
Let n be (3 - -1)/(8/(-628) + 0). Let p = -170 - n. What is the tens digit of p?
4
Let d(x) = -x**2 + 5*x + 36. Let g be d(9). Suppose g = 3*f - 4*f + 344. What is the units digit of f?
4
Suppose -2*p - 38 = -3*q, -39*q = -41*q + 5*p + 40. Suppose 0 = -2*v + 2*r + 2, 3*v - 14 = r - 3. What is the units digit of (-1)/((q/v)/(-58))?
9
Let q(i) = -i**3 + 26*i**2 - 64*i + 29. Let s be ((-1965)/131)/((-10)/12). What is the hundreds digit of q(s)?
4
Let c = -3397 - -4759. What is the tens digit of c?
6
Suppose -7*h - 6 = -h. Let z be (h - -1)*(-2)/(-4). Suppose -2*y - 5*r + 321 = z, -3*r + 57 + 774 = 5*y. What is the units digit of y?
8
Let j = 33 + -31. Suppose -13 = o - j*o. Suppose o = 2*a + 3, 77 = 4*s + a. What is the units digit of s?
8
Let n be (132/220)/(0 - 2/30). Let m(q) = q**3 + 11*q**2 + 4*q + 4. What is the tens digit of m(n)?
3
Suppose -2376987 = -82*u - 101*u. What is the thousands digit of u?
2
Let y be (3 - 12/3)/(-1). Suppose -5*b = -3*f - y, 7 = -3*f + 4*f + 2*b. Suppose 3*k - 304 = -5*t, f*t - 3*k + 2*k - 174 = 0. What is the tens digit of t?
5
Let s = 9 + -6. Suppose r - 5*r + s*y + 24 = 0, 12 = -3*y. Suppose -r*m + 258 = 3*m. What is the units digit of m?
3
Suppose -27*b = -21*b - 36. What is the tens digit of b - 1 - (-66 - -2)?
6
Let l(n) be the third derivative of 13*n**5/20 + 7*n**4/24 + 5*n**3/2 + 2*n**2 - 36. What is the tens digit of l(4)?
6
Let p(y) = -3*y**2 + 2*y + 7. Let x be p(4). Let c be x/12*-2 - (-12)/8. Let j = 83 + c. What is the units digit of j?
0
Suppose 2*r + 2*v = -18, 5*v = r - 5*r - 41. Let f be 6/r*2 + 296/4. Suppose -5*p = -144 - f. What is the tens digit of p?
4
Let w(x) = -4*x**3 - x**2. Let l be w(-1). Suppose 0 = -4*m - 3*y - 12, -m - 3*y = -y + l. What is the tens digit of 20 - -3*(-1)/m?
2
Let t = 8177 + -5235. Let v = t + -1468. What is the thousands digit of v?
1
Let s = 11558 - 5984. What is the hundreds digit of s?
5
Let q be (-1)/(4/6 + -1). Suppose q*y = -4*c - 4, -24 = -2*c + 3*y + 2*y. Suppose -3*g + 715 = 5*i, -c*i - 2*g + 300 = 2*g. What is the units digit of i?
0
Let v(m) = -12*m**3 + 6*m**2 - 21*m - 102. What is the units digit of v(-7)?
5
Let k(a) = 8*a**2 + 179*a - 719. What is the units digit of k(-59)?
8
Let q = -2720 + 2435. Let k(d) = -19*d**3 - 3*d**2 + 2*d + 4. Let l be k(-3). Let z = l + q. What is the units digit of z?
9
Let p = -37 + 37. Suppose -x = -2*v - p*x + 25, -5*x - 25 = 0. Suppose -9*z = -v*z + 60. What is the units digit of z?
0
Suppose 103*p - 189*p = -310116. What is the thousands digit of p?
3
Suppose 3*q - 56 + 32 = k, k - 11 = -2*q. Let v(d) = -d + 3*d**3 - 4*d**2 + 11 - 4*d**3 + 2*d**3. What is the tens digit of v(q)?
5
Let p(v) = 222*v - 79. Let g be p(11). Let x = g + -1653. What is the units digit of x?
0
Let j be 12/(-36) + 830/15. Let q = j - -441. What is the hundreds digit of q?
4
Let f(g) = -g**3 + 10*g**2 + 6*g + 17. Suppose -w - 13*w = 294. Let t be (5/(30/(-4)))/(2/w). What is the hundreds digit of f(t)?
2
Let p(u) = 3*u**3 + 166*u**2 + 66*u + 384. What is the units digit of p(-21)?
1
Suppose -3*w - 20 = -5*j - 2*w, 2*j + 9 = -3*w. Suppose j*d - 3*s = 669 + 417, -2*d = 4*s - 742. What is the tens digit of d?
6
Let b(j) = -j**2 + 13*j - 35. Let v 